 = z**2 + 11*z - 6. Give g(-8).
-30
Let v(a) = -a - 12. Give v(-13).
1
Let f(q) = q**2 - 10*q + 27. Determine f(11).
38
Let a(o) = -o**2 - 9*o - 6. Give a(-7).
8
Let d(k) = 7*k**2 - k - 4. Give d(-3).
62
Let k(f) = -2*f**2 + 4*f + 13. Determine k(0).
13
Let p(i) = 3*i + 21. Determine p(5).
36
Let o(n) = n**3 + 5*n**2 - 5*n + 4. Give o(-5).
29
Let u(v) = v**2 + 27*v + 129. Give u(-20).
-11
Let a(d) = 2*d + 14. What is a(-4)?
6
Let q(c) = -3*c**2 + 12*c + 1. Determine q(4).
1
Let q(c) = -c**2 - 8*c - 19. Give q(-6).
-7
Let k(x) = -4*x - 4. Calculate k(-3).
8
Let k(a) = -2*a**2 + 26*a + 69. What is k(-3)?
-27
Let r(f) = f**3 - 51*f**2 - 54*f + 101. Determine r(52).
-3
Let c(n) = -5*n**2 - 2*n - 1. Give c(-1).
-4
Let t(o) = -o**3 + 15*o**2 + 6. What is t(15)?
6
Let g(v) = -v**3 + 7*v**2 - 3*v - 15. Determine g(6).
3
Let j(v) = -v**3 + v + 11. What is j(0)?
11
Let u(h) = -35*h + 139. Determine u(4).
-1
Let z(j) = 35*j - 2. Calculate z(2).
68
Let t(o) = -o**3 + 13*o**2 - o - 17. What is t(13)?
-30
Let s(v) = -v**2 - 10*v - 11. Calculate s(-6).
13
Let m(u) = 2*u**2 - 2*u - 7. Give m(4).
17
Let d(b) = b**3 + 7*b**2 - 2*b + 2. What is d(-7)?
16
Let v(y) = 10*y + 13. Give v(-2).
-7
Let u(s) = s**3 - 26*s**2 + 3*s - 9. Give u(26).
69
Let z(w) = w**2 - 4*w - 37. Give z(-4).
-5
Let j(a) = -12*a + 20. What is j(-5)?
80
Let k(s) = -6*s + 7. Determine k(2).
-5
Let j(u) = u**3 + 5*u**2 + 6*u + 7. Determine j(-4).
-1
Let q(f) = -3*f**2 - 2*f + 6. Give q(3).
-27
Let n(v) = -v**3 - 2*v**2 + v - 6. Calculate n(0).
-6
Let p(m) = -2*m**3 + 3*m**2 - m - 2. Give p(2).
-8
Let h(p) = -31*p - 326. What is h(-11)?
15
Let x(k) = -2*k**2 - 3*k + 4. Determine x(-7).
-73
Let i(g) = g**2 - 23*g + 26. Give i(19).
-50
Let g(z) = z**3 + 17*z**2 + 28*z - 20. Determine g(-15).
10
Let s(l) = 2*l**2 - 7*l - 10. What is s(5)?
5
Let z(y) = -3*y + 13. Calculate z(7).
-8
Let a(c) = -c**2 - 5*c + 3. Give a(-6).
-3
Let g(y) = -6*y**2 + y + 1. Determine g(-1).
-6
Let v(o) = -o**3 + 15*o**2 - 19*o + 71. Determine v(14).
1
Let l(h) = -h**2 + 8*h + 6. What is l(9)?
-3
Let x(w) = -9*w + 101. Give x(11).
2
Let t(s) = -3*s**2 - 3*s + 1. Give t(2).
-17
Let o(p) = p**3 - 5*p**2 + 5*p - 8. Determine o(4).
-4
Let q(a) = a**2 - 2*a - 7. What is q(-5)?
28
Let h(a) = a**3 + 10*a**2 + 20*a - 9. Determine h(-9).
-108
Let z(r) = -2*r - 55. What is z(-23)?
-9
Let y(r) = r**3 + 12*r**2 - 10. Calculate y(-12).
-10
Let c(x) = x**3 + 6*x**2 + 9*x + 3. Calculate c(-2).
1
Let g(b) = -5*b. Calculate g(-2).
10
Let r(f) = 5*f**2 + 32*f + 11. What is r(-6)?
-1
Let w(a) = -a**3 + 2*a**2 - a - 16. Determine w(0).
-16
Let v(o) = o**3 + 4*o**2 + 3*o - 2. Give v(-3).
-2
Let d(z) = 3*z**3 + 4*z**2 + 10*z + 18. Calculate d(-2).
-10
Let j(v) = -v**2 + 43*v + 188. What is j(47)?
0
Let j(p) = -p**2 + 4*p + 1. What is j(5)?
-4
Let y(x) = -x**2 + 4*x - 13. Determine y(3).
-10
Let c(k) = -7*k + 2. Determine c(1).
-5
Let j(n) = n**3 + 18*n**2 - 7*n - 125. Give j(-18).
1
Let v(s) = s**3 - 3*s**2 - 2*s + 3. Give v(5).
43
Let s(x) = 77*x - 307. What is s(4)?
1
Let f(o) = -o**3 - 7*o**2 - 9*o - 7. Give f(-6).
11
Let f(b) = 5*b + 100. What is f(-19)?
5
Let w(c) = -c**3 - 24*c**2 - 120*c - 17. Give w(-17).
0
Let q(o) = o + 8. Give q(-10).
-2
Let a(b) = -8*b - 191. Calculate a(-32).
65
Let j(z) = -6*z - 48. Determine j(-7).
-6
Let j(x) = -x**2 - 14*x - 5. Determine j(-11).
28
Let h(l) = l**2 - 17*l - 24. Give h(15).
-54
Let t(q) = 2*q**2 - q + 1. What is t(4)?
29
Let v(f) = f**3 - 20*f**2 - f + 7. What is v(20)?
-13
Let v(t) = -8*t - 2. What is v(-2)?
14
Let d(t) = -3*t - 25. Give d(-14).
17
Let b(j) = -9*j + 128. Give b(16).
-16
Let j(m) = -m**3 - 8*m**2 - 14*m - 16. Give j(-4).
-24
Let c(z) = -2*z**2 - 28*z - 84. Calculate c(-3).
-18
Let c(f) = -f**3 + 13*f**2 - 3*f + 34. Calculate c(13).
-5
Let g(i) = i**3 - 21*i**2 + 27*i + 22. Determine g(19).
-187
Let v(j) = j**2 + 5*j - 9. Determine v(-7).
5
Let f(d) = -17*d + 80. Give f(4).
12
Let o(t) = 3*t + 23. Give o(-8).
-1
Let h(d) = 4*d**2 + 10*d + 1. What is h(-2)?
-3
Let v(j) = -j**3 - 4*j**2 + 27*j + 41. What is v(-7)?
-1
Let v(h) = -17*h - 172. Determine v(-10).
-2
Let b(l) = -7*l**2 - l - 3. What is b(-2)?
-29
Let t(m) = m**2 - 1. What is t(-9)?
80
Let l(o) = 11*o - 49. What is l(5)?
6
Let f(u) = u**2 + 13*u + 23. Calculate f(-15).
53
Let k(s) = s**3 + 7*s**2 + 2*s - 23. What is k(-6)?
1
Let k(q) = -4*q**2 + q - 2. Calculate k(0).
-2
Let q(w) = -10*w - 2. What is q(-3)?
28
Let o(g) = -3*g**3 + 2*g**2 + 2*g + 1. Calculate o(-2).
29
Let h(y) = -2*y**2 - y + 2. What is h(-2)?
-4
Let w(y) = y**3 - 3*y**2 - 2*y. Calculate w(-2).
-16
Let j(o) = -10*o**2 - 129*o + 16. Determine j(-13).
3
Let a(h) = -3*h + 20. Determine a(8).
-4
Let x(w) = -20*w - 53. Give x(-5).
47
Let b(g) = g**3 + 6*g**2 - g + 4. Give b(-4).
40
Let c(g) = 11*g**2 + 20*g - 9. Determine c(-2).
-5
Let v(i) = i**2 - 4*i. What is v(5)?
5
Let p(f) = -f**3 - 8*f**2 - 18*f - 9. Give p(-5).
6
Let l(b) = 5*b**2 + 18*b - 8. Give l(-4).
0
Let k(v) = v + 13. Give k(-16).
-3
Let j(o) = 4*o**2 - 23*o - 4. Give j(5).
-19
Let q(s) = 30*s - 80. Determine q(3).
10
Let s(r) = -r**2 + 9*r - 9. Calculate s(4).
11
Let k(o) = 5*o. What is k(-1)?
-5
Let b(p) = 3*p + 27. Calculate b(-11).
-6
Let q(o) = 3*o + 10. Give q(0).
10
Let s(b) = -25*b + 203. Give s(8).
3
Let u(y) = 6*y - 2. Calculate u(-5).
-32
Let a(v) = 4*v + 57. Give a(-14).
1
Let v(p) = 3*p**2 - 23*p - 14. What is v(8)?
-6
Let j(p) = p**3 + 2*p**2 + 3*p - 9. Calculate j(-4).
-53
Let j(u) = 3*u + 4. Calculate j(5).
19
Let n(g) = g**3 - 11*g**2 - 2*g + 1. Calculate n(11).
-21
Let d(x) = 7*x**3 - 19*x**2 + 19*x - 1. What is d(1)?
6
Let i(f) = 5*f + 102. Give i(-21).
-3
Let t(f) = -20*f - 94. What is t(-5)?
6
Let z(q) = -q**3 + 7*q**2 - 6*q - 6. Calculate z(6).
-6
Let l(y) = -3*y**2 - 34*y - 15. Give l(-12).
-39
Let y(p) = 4*p - 17. Give y(6).
7
Let k(d) = d**3 + 15*d**2 - 20*d + 5. Calculate k(-16).
69
Let m(j) = -j**2 - 5*j. Give m(-5).
0
Let p(k) = -k**2 - 26*k + 370. Give p(10).
10
Let l(z) = -217*z + 1948. What is l(9)?
-5
Let n(r) = -r**2 - 2*r - 15. Calculate n(-12).
-135
Let j(a) = -3*a - 9. Give j(1).
-12
Let x(m) = -9*m**2 + m - 2. Determine x(-2).
-40
Let v(x) = -x + 5. Give v(5).
0
Let c(w) = -2*w - 22. Calculate c(-10).
-2
Let s(b) = -2*b**2 + 1. Determine s(-2).
-7
Let l(f) = f**3 + 20*f**2 - 8*f - 30. Calculate l(-20).
130
Let p(z) = -6*z. Give p(7).
-42
Let b(n) = n**3 - 12*n**2 + 9*n - 18. Give b(12).
90
Let c(n) = -n**3 + 4*n**2 + 16*n - 9. Give c(6).
15
Let p(d) = 4*d - 35. What is p(-4)?
-51
Let k(a) = -a**3 - 20*a**2 - 3*a - 17. Calculate k(-20).
43
Let u(r) = -10*r**3 - 1. Calculate u(-1).
9
Let z(w) = -w**2 - 30*w - 96. What is z(-26)?
8
Let a(z) = z**3 - 4*z**2 + 3*z - 20. Give a(5).
20
Let r(a) = -a**3 - 8*a**2 + 7*a + 4. Determine r(-9).
22
Let i(a) = -a**2 - 4*a + 4. Calculate i(-6).
-8
Let y(c) = -c + 3. Calculate y(-17).
20
Let n(p) = 2*p**3 + 11*p**2 - 29. What is n(-4)?
19
Let j(l) = -2*l**2 + 6*l - 3. Calculate j(4).
-11
Let u(g) = -g**2 + 2*g - 10. What is u(3)?
-13
Let l(u) = -u**2 + 5*u + 5. Determine l(4).
9
Let d(s) = 25*s + 248. Determine d(-8).
48
Let i(k) = k**3 - 16*k**2 - 9*k - 140. What is i(17)?
-4
Let a(o) = 2*o**2 + 14*o + 33. Give a(-4).
9
Let g(r) = 2*r**2 - 52*r + 47. Determine g(25).
-3
Let d(h) = -h**2 + 17*h + 6. Determine d(18).
-12
Let m(j) = -j**3 + 4*j**2 + 4*j + 1. Give m(-1).
2
Let i(s) = 7*s - 24. Calculate i(-13).
-115
Let t(m) = 4*m**2 + 4*m + 3. Determine t(-2).
11
Let w(u) = u**2 - 12*u - 2. Give w(12).
-2
Let i(g) = g**2 + 11*g + 12. What is i(-10)?
2
Let l(h) = h**3 - 2*h**2 + h - 4. Give l(2).
-2
Let l(m) = m**3 - 6*m**2 - 26*m + 71. Calculate l(8).
-9
Let r(c) = -c**3 - 7*c**2 + 20*c + 24. Calculate r(-9).
6
Let r(q) = -2*q**2 + 28*q - 2. Determine r(14).
-2
Let i(u) = u**2 - 2*u + 1. What is i(-6)?
49
Let b(g) = -27*g**2 - 12*g. Give b(1).
-39
Let m(n) = n**2 + 11*n + 6. What is m(-8)?
-18
Let m(o) = 6*o**2 - 10*o + 2. Calculate m(1).
-2
Let o(m) = m**2 - 8*m + 7. Determine o(5).
-8
Let h(y) = -y**2 - 4*y + 26. Calculate h(-8).
-6
Let v(d) = 20*d**2 + 12*d. Give v(-1).
8
Let w(p) = -3*p + 2. Determine w(4).
-10
Let s(l) = -l**2 + 14*l - 31. Determine s(10).
9
Let u(v) = v**2 + 9*v + 9. Determine u(-10).
19
Let q(u) = u